7, 1973
List the prime factors of 1332.
2, 3, 37
List the prime factors of 2589.
3, 863
List the prime factors of 1541.
23, 67
List the prime factors of 7084.
2, 7, 11, 23
What are the prime factors of 7738?
2, 53, 73
List the prime factors of 60322.
2, 30161
List the prime factors of 450.
2, 3, 5
List the prime factors of 13471.
19, 709
List the prime factors of 2541.
3, 7, 11
List the prime factors of 61.
61
List the prime factors of 76892.
2, 47, 409
What are the prime factors of 159927?
3, 53309
What are the prime factors of 4?
2
List the prime factors of 56813.
56813
What are the prime factors of 1250?
2, 5
What are the prime factors of 801?
3, 89
List the prime factors of 93340.
2, 5, 13, 359
What are the prime factors of 4575?
3, 5, 61
What are the prime factors of 3821?
3821
List the prime factors of 17224.
2, 2153
List the prime factors of 62778.
2, 3, 10463
What are the prime factors of 424?
2, 53
What are the prime factors of 5031?
3, 13, 43
List the prime factors of 27142.
2, 41, 331
What are the prime factors of 3409?
7, 487
What are the prime factors of 1437?
3, 479
What are the prime factors of 29111?
43, 677
List the prime factors of 2224.
2, 139
List the prime factors of 12559.
19, 661
List the prime factors of 20283.
3, 6761
What are the prime factors of 7341?
3, 2447
List the prime factors of 3881.
3881
List the prime factors of 5289.
3, 41, 43
What are the prime factors of 32622?
2, 3, 5437
What are the prime factors of 55221?
3, 79, 233
What are the prime factors of 5996?
2, 1499
What are the prime factors of 68776?
2, 8597
What are the prime factors of 2210?
2, 5, 13, 17
List the prime factors of 1266.
2, 3, 211
What are the prime factors of 84237?
3, 43, 653
List the prime factors of 64486.
2, 19, 1697
What are the prime factors of 13322?
2, 6661
What are the prime factors of 8923?
8923
List the prime factors of 9368.
2, 1171
What are the prime factors of 7870?
2, 5, 787
What are the prime factors of 5355?
3, 5, 7, 17
List the prime factors of 59.
59
What are the prime factors of 6956?
2, 37, 47
What are the prime factors of 298?
2, 149
What are the prime factors of 4189?
59, 71
List the prime factors of 3933.
3, 19, 23
List the prime factors of 6098.
2, 3049
What are the prime factors of 41528?
2, 29, 179
What are the prime factors of 6333?
3, 2111
What are the prime factors of 33958?
2, 16979
List the prime factors of 8274.
2, 3, 7, 197
What are the prime factors of 144?
2, 3
What are the prime factors of 9453?
3, 23, 137
List the prime factors of 175124.
2, 43781
What are the prime factors of 9731?
37, 263
What are the prime factors of 43360?
2, 5, 271
List the prime factors of 27861.
3, 37, 251
What are the prime factors of 1605?
3, 5, 107
What are the prime factors of 273?
3, 7, 13
What are the prime factors of 926?
2, 463
What are the prime factors of 1943?
29, 67
What are the prime factors of 4721?
4721
What are the prime factors of 972?
2, 3
What are the prime factors of 3804?
2, 3, 317
What are the prime factors of 322?
2, 7, 23
What are the prime factors of 42678?
2, 3, 2371
List the prime factors of 1844.
2, 461
What are the prime factors of 52304?
2, 7, 467
List the prime factors of 1518.
2, 3, 11, 23
What are the prime factors of 486?
2, 3
List the prime factors of 20045.
5, 19, 211
What are the prime factors of 4861?
4861
List the prime factors of 507.
3, 13
List the prime factors of 61339.
61339
List the prime factors of 1210.
2, 5, 11
What are the prime factors of 77067?
3, 8563
List the prime factors of 975.
3, 5, 13
What are the prime factors of 24329?
24329
List the prime factors of 13651.
11, 17, 73
What are the prime factors of 10998?
2, 3, 13, 47
List the prime factors of 2129.
2129
What are the prime factors of 164762?
2, 13, 6337
What are the prime factors of 43086?
2, 3, 43, 167
List the prime factors of 786.
2, 3, 131
What are the prime factors of 991?
991
List the prime factors of 637.
7, 13
What are the prime factors of 26056?
2, 3257
What are the prime factors of 28278?
2, 3, 1571
What are the prime factors of 3311?
7, 11, 43
What are the prime factors of 79?
79
What are the prime factors of 34489?
7, 13, 379
What are the prime factors of 402?
2, 3, 67
What are the prime factors of 58112?
2, 227
What are the prime factors of 1780?
2, 5, 89
List the prime factors of 33630.
2, 3, 5, 19, 59
What are the prime factors of 980?
2, 5, 7
What are the prime factors of 3116?
2, 19, 41
What are the prime factors of 603?
3, 67
What are the prime factors of 180568?
2, 22571
What are the prime factors of 1251?
3, 139
What are the prime factors of 1839?
3, 613
What are the prime factors of 297?
3, 11
What are the prime factors of 855?
3, 5, 19
What are the prime factors of 22323?
3, 7, 1063
What are the prime factors of 733?
733
What are the prime factors of 4161?
3, 19, 73
What are the prime factors of 3385?
5, 677
What are the prime factors of 5465?
5, 1093
What are the prime factors of 2715?
3, 5, 181
List the prime factors of 8745.
3, 5, 11, 53
List the prime factors of 2645.
5, 23
What are the prime factors of 23527?
7, 3361
List the prime factors of 1520.
2, 5, 19
List the prime factors of 9751.
7, 199
What are the prime factors of 133253?
133253
What are the prime factors of 4453?
61, 73
List the prime factors of 5453.
7, 19, 41
What are the prime factors of 12230?
2, 5, 1223
What are the prime factors of 33758?
2, 16879
What are the prime factors of 39972?
2, 3, 3331
What are the prime factors of 1943?
29, 67
List the prime factors of 862.
2, 431
List the prime factors of 17862.
2, 3, 13, 229
List the prime factors of 661.
661
List the prime factors of 3749.
23, 163
List the prime factors of 514.
2, 257
What are the prime factors of 1471?
1471
What are the prime factors of 5647?
5647
What are the prime factors of 970?
2, 5, 97
List the prime factors of 119059.
67, 1777
What are the prime factors of 778?
2, 389
What are the prime factors of 294?
2, 3, 7
List the prime factors of 3565.
5, 23, 31
List the prime factors of 5297.
5297
List the prime factors of 54415.
5, 10883
What are the prime factors of 892?
2, 223
List the prime factors of 3856.
2, 241
What are the prime factors of 364?
2, 7, 13
List the prime factors of 385.
5, 7, 11
What are the prime factors of 13267?
13267
What are the prime factors of 3182?
2, 37, 43
List the prime factors of 231.
3, 7, 11
What are the prime factors of 13165?
5, 2633
What are the prime factors of 5355?
3, 5, 7, 17
List the prime factors of 3835.
5, 13, 59
What are the prime factors of 1561?
7, 223
What are the prime factors of 9515?
5, 11, 173
What are the prime factors of 764?
2, 191
What are the prime factors of 3187?
3187
What are the prime factors of 19619?
23, 853
What are the prime factors of 76167?
3, 7, 13, 31
List the prime factors of 607.
607
List the prime factors of 2737.
7, 17, 23
List the prime factors of 366.
2, 3, 61
List the prime factors of 1832.
2, 229
What are the prime factors of 6071?
13, 467
What are the prime factors of 73679?
73679
List the prime factors of 29518.
2, 14759
What are the prime factors of 819?
3, 7, 13
List the prime factors of 13009.
13009
What are the prime factors of 10337?
10337
List the prime factors of 1352.
2, 13
What are the prime factors of 6517?
7, 19
What are the prime factors of 1716?
2, 3, 11, 13
List the prime factors of 7861.
7, 1123
List the prime factors of 1020.
2, 3, 5, 17
List the prime factors of 24083.
24083
What are the prime factors of 104018?
2, 52009
List the prime factors of 52793.
13, 31, 131
List the prime factors of 130149.
3, 14461
List the prime factors of 2072.
2, 7, 37
List the prime factors of 126022.
2, 13, 37, 131
What are the prime factors of 3277?
29, 113
List the prime factors of 141209.
141209
List the prime factors of 156146.
2, 101, 773
List the prime factors of 705.
3, 5, 47
What are the prime factors of 46926?
2, 3, 11, 79
What are the prime factors of 1040?
2, 5, 13
List the prime factors of 323.
17, 19
List the prime factors of 5577.
3, 11, 13
List the prime factors of 126766.
2, 241, 263
List the prime factors of 16007.
16007
What are the prime factors of 28571?
28571
What are the prime factors of 4382?
2, 7, 313
What are the prime factors of 11517?
3, 11, 349
List the pri